{"id":54,"date":"2020-02-19T09:51:59","date_gmt":"2020-02-19T09:51:59","guid":{"rendered":"https:\/\/www.kiwoko.pt\/blog\/?page_id=54"},"modified":"2025-06-26T11:04:29","modified_gmt":"2025-06-26T10:04:29","slug":"saude-e-cuidados-dos-gatos","status":"publish","type":"page","link":"https:\/\/www.kiwoko.pt\/blog\/saude-e-cuidados-dos-gatos\/","title":{"rendered":"Sa\u00fade e cuidados dos gatos"},"content":{"rendered":"<!-- wp:shortcode -->\n    <div class=\"row\">        <div class=\"col-md-6\">\n                                    <div class=\"kontainer-category\">\n                                    <div class=\"kontainer-cat-name\">\n                        <h2>Desparasita\u00e7\u00e3o<\/h2>\n                    <\/div>\n                                <a href=\"https:\/\/www.kiwoko.pt\/blog\/mosquitos-e-gatos-como-protege%e2%80%91los\/\" class=\"post\">\n                <div class=\"post-image lazyload\" style=\"background:inherit;background-size:cover;\" data-bg=\"#DDDDDD url(https:\/\/www.kiwoko.pt\/blog\/wp-content\/uploads\/2026\/03\/mosquitos-y-gatos.jpg) no-repeat\"><\/div>\n                <div class=\"post-text\">\n                    <h3>Mosquitos e gatos: como proteg\u00ea\u2011los?<\/h3>\n                    O ver\u00e3o chegou e, com ele, aqueles zumbidos irritantes que nos deixam nervosos. Mas n\u00e3o somos os \u00fanicos a...                    <!--?php the_excerpt();?-->\n                <\/div>\n                <\/a>\n                                <a href=\"https:\/\/www.kiwoko.pt\/blog\/melhores-coleiras-antiparasitarias-para-gatos\/\" class=\"post\">\n                    <div class=\"row\">\n                        <div class=\"col-sm-4 no-padding\"><div class=\"post-image-min lazyload\" style=\"background:inherit;background-size:cover;\" data-bg=\"#DDDDDD url(https:\/\/www.kiwoko.pt\/blog\/wp-content\/uploads\/2026\/02\/melhores-coleiras-antiparasitarias-para-gatos-descubra-as.jpg) no-repeat\"><\/div><\/div>\n                        <div class=\"col-sm-8 no-padding\">\n                            <div class=\"post-text-min\">\n                                <h3>Quais s\u00e3o as melhores coleiras antiparasit\u00e1rias para gatos? Descubra-as!<\/h3>\n                            <\/div>\n                        <\/div>\n                    <\/div>\n                <\/a>\n                                <div class=\"row\">\n                    <div class=\"col-12\">\n                        <!--a href=\"https:\/\/www.kiwoko.pt\/blog\/?animal=Gatos\" class=\"post-link-all\">Ver todos los art\u00edculos de Desparasita\u00e7\u00e3o ><\/a-->\n                        <a href=\"https:\/\/www.kiwoko.pt\/blog\/conselhos-sobre-antiparasitarios-para-gatos\/\" class=\"post-link-all\">Veja todos os posts para Desparasita\u00e7\u00e3o ><\/a>\n                    <\/div>\n                <\/div>\n            <\/div>\n                    <\/div>\n                        <div class=\"col-md-6\">\n                                    <div class=\"kontainer-category\">\n                                    <div class=\"kontainer-cat-name\">\n                        <h2>Higiene<\/h2>\n                    <\/div>\n                                <a href=\"https:\/\/www.kiwoko.pt\/blog\/champo-seco-para-caes-o-que-e-para-que-serve-e-quando-usar\/\" class=\"post\">\n                <div class=\"post-image lazyload\" style=\"background:inherit;background-size:cover;\" data-bg=\"#DDDDDD url(https:\/\/www.kiwoko.pt\/blog\/wp-content\/uploads\/2026\/03\/champo-seco-para-caes-guia.jpg) no-repeat\"><\/div>\n                <div class=\"post-text\">\n                    <h3>Champ\u00f4 seco para c\u00e3es: o que \u00e9, para que serve e quando usar<\/h3>\n                    H\u00e1 c\u00e3es cuja rotina de higiene exige um profissional experiente, capaz de lidar com o seu comportamento. E h\u00e1...                    <!--?php the_excerpt();?-->\n                <\/div>\n                <\/a>\n                                <a href=\"https:\/\/www.kiwoko.pt\/blog\/gatos-os-seus-cuidados-e-necessidades\/\" class=\"post\">\n                    <div class=\"row\">\n                        <div class=\"col-sm-4 no-padding\"><div class=\"post-image-min lazyload\" style=\"background:inherit;background-size:cover;\" data-bg=\"#DDDDDD url(https:\/\/www.kiwoko.pt\/blog\/wp-content\/uploads\/2020\/03\/gatos-cuidados-e-necessidades.jpg) no-repeat\"><\/div><\/div>\n                        <div class=\"col-sm-8 no-padding\">\n                            <div class=\"post-text-min\">\n                                <h3>Gatos: Cuidados e necessidades para uma conviv\u00eancia feliz<\/h3>\n                            <\/div>\n                        <\/div>\n                    <\/div>\n                <\/a>\n                                <div class=\"row\">\n                    <div class=\"col-12\">\n                        <!--a href=\"https:\/\/www.kiwoko.pt\/blog\/\" class=\"post-link-all\">Ver todos los art\u00edculos de Higiene ><\/a-->\n                        <a href=\"https:\/\/www.kiwoko.pt\/blog\/conselhos-sobre-higiene-para-gatos\/\" class=\"post-link-all\">Veja todos os posts para Higiene ><\/a>\n                    <\/div>\n                <\/div>\n            <\/div>\n                    <\/div>\n                    <\/div>\n    \n\n<!-- \/wp:shortcode -->\n\n<!-- wp:shortcode -->\n                    <div id=\"beleza\">\n            <div class=\"posts-list\">\n            <div class=\"row\">\n                        <div class=\"col-md-6 0\">\n                <div class=\"kontainer-category 0\">                    <a href=\"https:\/\/www.kiwoko.pt\/blog\/cuidados-com-caes-de-pelo-curto\/\" class=\"post 0\">\n                        <div class=\"post-image lazyload 0\" style=\"background:inherit;background-size:cover;\" data-bg=\"#DDDDDD url(https:\/\/www.kiwoko.pt\/blog\/wp-content\/uploads\/2026\/03\/caes-de-pelo-curto.jpg) no-repeat\"><\/div>\n                        <div class=\"post-text 0\">\n                            <h2>Cuidados com c\u00e3es de pelo curto: guia completo para manter a pele e o pelo saud\u00e1veis<\/h2>\n                            Tem um c\u00e3o de pelo curto e acha que ele n\u00e3o precisa de muitos cuidados? \u00c9 uma d\u00favida mais comum do que imagina. \u00c0 primeira vista, o pelo dele...                        <\/div>\n                    <\/a>\n                <\/div>\n            <\/div>\n                        <div class=\"col-md-6 1\">\n                <div class=\"kontainer-category 1\">                    <a href=\"https:\/\/www.kiwoko.pt\/blog\/champo-seco-para-caes-o-que-e-para-que-serve-e-quando-usar\/\" class=\"post 1\">\n                        <div class=\"post-image lazyload 1\" style=\"background:inherit;background-size:cover;\" data-bg=\"#DDDDDD url(https:\/\/www.kiwoko.pt\/blog\/wp-content\/uploads\/2026\/03\/champo-seco-para-caes-guia.jpg) no-repeat\"><\/div>\n                        <div class=\"post-text 1\">\n                            <h2>Champ\u00f4 seco para c\u00e3es: o que \u00e9, para que serve e quando usar<\/h2>\n                            H\u00e1 c\u00e3es cuja rotina de higiene exige um profissional experiente, capaz de lidar com o seu comportamento. E h\u00e1 outros que adoram tanto a \u00e1gua e a lama que,...                        <\/div>\n                    <\/a>\n                <\/div>\n            <\/div>\n            <\/div>\n        <\/div>\n                    <div class=\"row\">\n                <div class=\"col-lg-12\">\n                    <button id=\"beleza-load-more-articles\" class=\"btn load-more\" data-cat=\"\" data-tag=\"beleza\" data-animal=\"\"\n                data-numpost=\"2\">Carregar mais posts<\/button>\n                <\/div>\n            <\/div> \n            <script>\n                document.addEventListener('DOMContentLoaded', function () {\n                const buttons = document.querySelectorAll('.btn.load-more');\n\n                buttons.forEach(function (button) {\n                    button.addEventListener('click', function () {\n                    const title = button.getAttribute('data-title') || '';\n                    const link = button.getAttribute('data-link') || window.location.href;\n                    const position = button.getAttribute('data-position') || '';\n                    const category = button.getAttribute('data-cat') || '';\n                    const linkText = button.innerText || button.textContent;\n\n                    window.dataLayer = window.dataLayer || [];\n                    window.dataLayer.push({\n                        'event': 'blog_mas_articulos',\n                        'event_name': 'blog_mas_articulos',\n                        'position': position,\n                        'link_text': linkText,\n                        'link_url': link,\n                        'category': category,\n                        'product_name': title\n                    });\n                    });\n                });\n                });\n            <\/script>\n                <div id=\"beleza-loading-elements\" class=\"text-center mt-1 loading-elements\"><div class=\"lds-ellipsis\"><div><\/div><div><\/div><div><\/div><div><\/div><\/div><\/div>\n                    <\/div>\n<!-- \/wp:shortcode -->","protected":false},"excerpt":{"rendered":"<p>H\u00e1 c\u00e3es cuja rotina de higiene exige um profissional experiente, capaz de lidar com o seu comportamento. E h\u00e1 outros que adoram tanto a \u00e1gua e a lama que, ao m\u00ednimo descuido, j\u00e1 est\u00e3o a rebolar\u2011se felizes num charco do parque. Seja qual for o caso, hoje falamos de um verdadeiro salva\u2011vidas: o banho a [&hellip;]<\/p>\n","protected":false},"author":23,"featured_media":12121,"parent":0,"menu_order":0,"comment_status":"closed","ping_status":"closed","template":"","meta":{"_acf_changed":false,"_uag_custom_page_level_css":"","footnotes":""},"class_list":["post-54","page","type-page","status-publish","has-post-thumbnail","hentry"],"acf":[],"uagb_featured_image_src":{"full":["https:\/\/www.kiwoko.pt\/blog\/wp-content\/uploads\/2025\/06\/cuidado-gatos.jpg",1118,350,false],"thumbnail":["https:\/\/www.kiwoko.pt\/blog\/wp-content\/uploads\/2025\/06\/cuidado-gatos-150x150.jpg",150,150,true],"medium":["https:\/\/www.kiwoko.pt\/blog\/wp-content\/uploads\/2025\/06\/cuidado-gatos-300x94.jpg",300,94,true],"medium_large":["https:\/\/www.kiwoko.pt\/blog\/wp-content\/uploads\/2025\/06\/cuidado-gatos-768x240.jpg",768,240,true],"large":["https:\/\/www.kiwoko.pt\/blog\/wp-content\/uploads\/2025\/06\/cuidado-gatos-1024x321.jpg",1024,321,true],"1536x1536":["https:\/\/www.kiwoko.pt\/blog\/wp-content\/uploads\/2025\/06\/cuidado-gatos.jpg",1118,350,false],"2048x2048":["https:\/\/www.kiwoko.pt\/blog\/wp-content\/uploads\/2025\/06\/cuidado-gatos.jpg",1118,350,false]},"uagb_author_info":{"display_name":"Carla","author_link":"https:\/\/www.kiwoko.pt\/blog\/author\/carla\/"},"uagb_comment_info":0,"uagb_excerpt":"H\u00e1 c\u00e3es cuja rotina de higiene exige um profissional experiente, capaz de lidar com o seu comportamento. E h\u00e1 outros que adoram tanto a \u00e1gua e a lama que, ao m\u00ednimo descuido, j\u00e1 est\u00e3o a rebolar\u2011se felizes num charco do parque. Seja qual for o caso, hoje falamos de um verdadeiro salva\u2011vidas: o banho a&hellip;","_links":{"self":[{"href":"https:\/\/www.kiwoko.pt\/blog\/wp-json\/wp\/v2\/pages\/54","targetHints":{"allow":["GET"]}}],"collection":[{"href":"https:\/\/www.kiwoko.pt\/blog\/wp-json\/wp\/v2\/pages"}],"about":[{"href":"https:\/\/www.kiwoko.pt\/blog\/wp-json\/wp\/v2\/types\/page"}],"author":[{"embeddable":true,"href":"https:\/\/www.kiwoko.pt\/blog\/wp-json\/wp\/v2\/users\/23"}],"replies":[{"embeddable":true,"href":"https:\/\/www.kiwoko.pt\/blog\/wp-json\/wp\/v2\/comments?post=54"}],"version-history":[{"count":3,"href":"https:\/\/www.kiwoko.pt\/blog\/wp-json\/wp\/v2\/pages\/54\/revisions"}],"predecessor-version":[{"id":12122,"href":"https:\/\/www.kiwoko.pt\/blog\/wp-json\/wp\/v2\/pages\/54\/revisions\/12122"}],"wp:featuredmedia":[{"embeddable":true,"href":"https:\/\/www.kiwoko.pt\/blog\/wp-json\/wp\/v2\/media\/12121"}],"wp:attachment":[{"href":"https:\/\/www.kiwoko.pt\/blog\/wp-json\/wp\/v2\/media?parent=54"}],"curies":[{"name":"wp","href":"https:\/\/api.w.org\/{rel}","templated":true}]}}