{"id":12127,"date":"2025-06-26T11:07:28","date_gmt":"2025-06-26T10:07:28","guid":{"rendered":"https:\/\/www.kiwoko.pt\/blog\/?page_id=12127"},"modified":"2025-06-26T11:07:29","modified_gmt":"2025-06-26T10:07:29","slug":"dicas-sobre-habitat-dos-gatos","status":"publish","type":"page","link":"https:\/\/www.kiwoko.pt\/blog\/dicas-sobre-habitat-dos-gatos\/","title":{"rendered":"Dicas sobre o habitat dos gatos"},"content":{"rendered":"<!-- wp:shortcode -->\n                    <div id=\"habitat\">\n            <div class=\"posts-list\">\n            <div class=\"row\">\n                        <div class=\"col-md-6 0\">\n                <div class=\"kontainer-category 0\">                    <a href=\"https:\/\/www.kiwoko.pt\/blog\/como-ensinar-um-gato-a-usar-a-caixa-de-areia\/\" class=\"post 0\">\n                        <div class=\"post-image lazyload 0\" style=\"background:inherit;background-size:cover;\" data-bg=\"#DDDDDD url(https:\/\/www.kiwoko.pt\/blog\/wp-content\/uploads\/2026\/03\/Como-ensinar-um-gato-a-usar-a-caixa-de-areia.jpg) no-repeat\"><\/div>\n                        <div class=\"post-text 0\">\n                            <h2>Como ensinar um gato a usar a caixa de areia: tudo o que precisa de saber<\/h2>\n                            Trazer um gato para casa pela primeira vez \u00e9 emocionante, sim\u2026 mas tamb\u00e9m um bocadinho avassalador. Tem o comedouro pronto, a caminha perfeita, uma torre de jogos mais alta...                        <\/div>\n                    <\/a>\n                <\/div>\n            <\/div>\n                        <div class=\"col-md-6 1\">\n                <div class=\"kontainer-category 1\">                    <a href=\"https:\/\/www.kiwoko.pt\/blog\/os-primeiros-dias-de-um-gatinho-em-casa\/\" class=\"post 1\">\n                        <div class=\"post-image lazyload 1\" style=\"background:inherit;background-size:cover;\" data-bg=\"#DDDDDD url(https:\/\/www.kiwoko.pt\/blog\/wp-content\/uploads\/2026\/02\/um-gatinho-em-casa.jpg) no-repeat\"><\/div>\n                        <div class=\"post-text 1\">\n                            <h2>Os primeiros dias de um gatinho em casa: um guia completo para uma adapta\u00e7\u00e3o com sucesso<\/h2>\n                            Est\u00e1 a preparar-se para receber um gatinho na sua vida? Que empolgante! Poucas coisas s\u00e3o t\u00e3o especiais quanto os primeiros dias com um gatinho em casa. \u00c9 um momento...                        <\/div>\n                    <\/a>\n                <\/div>\n            <\/div>\n                        <div class=\"col-md-6 2\">\n                <div class=\"kontainer-category 2\">                    <a href=\"https:\/\/www.kiwoko.pt\/blog\/melhor-areia-aglomerante-para-gatos-comparacao\/\" class=\"post 2\">\n                        <div class=\"post-image lazyload 2\" style=\"background:inherit;background-size:cover;\" data-bg=\"#DDDDDD url(https:\/\/www.kiwoko.pt\/blog\/wp-content\/uploads\/2025\/11\/melhor-areia-aglomerante-para-gatos.jpg) no-repeat\"><\/div>\n                        <div class=\"post-text 2\">\n                            <h2>A melhor areia aglomerante para gatos: compara\u00e7\u00e3o de 2025<\/h2>\n                            Se vive com um gato, sabe que h\u00e1 uma coisa que nunca pode ignorar: a areia dele. N\u00e3o se trata apenas de manter a sua casa limpa, mas tamb\u00e9m...                        <\/div>\n                    <\/a>\n                <\/div>\n            <\/div>\n                        <div class=\"col-md-6 3\">\n                <div class=\"kontainer-category 3\">                    <a href=\"https:\/\/www.kiwoko.pt\/blog\/importancia-enriquecimento-ambiental-animais-nos-dias-mais-frios\/\" class=\"post 3\">\n                        <div class=\"post-image lazyload 3\" style=\"background:inherit;background-size:cover;\" data-bg=\"#DDDDDD url(https:\/\/www.kiwoko.pt\/blog\/wp-content\/uploads\/2025\/10\/enriquecimento-ambiental-em-animais-durante-os-dias-mais.jpg) no-repeat\"><\/div>\n                        <div class=\"post-text 3\">\n                            <h2>A import\u00e2ncia de enriquecer o ambiente durante os dias mais curtos do ano<\/h2>\n                            \u00c0 medida que as temperaturas caem e os dias ficam mais curtos, n\u00e3o s\u00f3 as nossas rotinas mudam, mas tamb\u00e9m as rotinas dos nossos companheiros de quatro patas. Durante...                        <\/div>\n                    <\/a>\n                <\/div>\n            <\/div>\n                        <div class=\"col-md-6 4\">\n                <div class=\"kontainer-category 4\">                    <a href=\"https:\/\/www.kiwoko.pt\/blog\/como-fazer-que-o-meu-gato-durma-na-sua-cama-passos\/\" class=\"post 4\">\n                        <div class=\"post-image lazyload 4\" style=\"background:inherit;background-size:cover;\" data-bg=\"#DDDDDD url(https:\/\/www.kiwoko.pt\/blog\/wp-content\/uploads\/2025\/10\/como-fazer-o-meu-gato-dormir-na-sua-cama.jpg) no-repeat\"><\/div>\n                        <div class=\"post-text 4\">\n                            <h2>Como posso fazer com que o meu gato durma na sua pr\u00f3pria cama (em vez da minha)?<\/h2>\n                            Quem vive com um gato sabe: escolher onde dormir \u00e9 uma quest\u00e3o muito pessoal para eles. Hoje pode encontr\u00e1-los enrolados na sua cama, amanh\u00e3 eles ocupam o sof\u00e1 e,...                        <\/div>\n                    <\/a>\n                <\/div>\n            <\/div>\n                        <div class=\"col-md-6 5\">\n                <div class=\"kontainer-category 5\">                    <a href=\"https:\/\/www.kiwoko.pt\/blog\/como-fazer-com-gato-use-arranhador\/\" class=\"post 5\">\n                        <div class=\"post-image lazyload 5\" style=\"background:inherit;background-size:cover;\" data-bg=\"#DDDDDD url(https:\/\/www.kiwoko.pt\/blog\/wp-content\/uploads\/2025\/09\/como-fazer-com-que-o-meu-gato-use-o-arranhador.jpg) no-repeat\"><\/div>\n                        <div class=\"post-text 5\">\n                            <h2>Como posso incentivar o meu gato a usar o arranhador?<\/h2>\n                            J\u00e1 discutimos a import\u00e2ncia de arranhar para os gatos, pois esse comportamento n\u00e3o \u00e9 apenas crucial para manter as unhas, mas tamb\u00e9m para o seu comportamento territorial e necessidade...                        <\/div>\n                    <\/a>\n                <\/div>\n            <\/div>\n                        <div class=\"col-md-6 6\">\n                <div class=\"kontainer-category 6\">                    <a href=\"https:\/\/www.kiwoko.pt\/blog\/melhores-caixas-de-areia-para-gatos-comparativa\/\" class=\"post 6\">\n                        <div class=\"post-image lazyload 6\" style=\"background:inherit;background-size:cover;\" data-bg=\"#DDDDDD url(https:\/\/www.kiwoko.pt\/blog\/wp-content\/uploads\/2025\/09\/melhor-caixa-de-areia-para-gatos.jpg) no-repeat\"><\/div>\n                        <div class=\"post-text 6\">\n                            <h2>As melhores caixas de areia para gatos: como escolher a melhor (e n\u00e3o morrer a tentar)<\/h2>\n                            Ter gatos em casa \u00e9 uma fonte inesgot\u00e1vel de alegria: os seus miados, as suas travessuras inesperadas... e as suas caixas de areia tamb\u00e9m. Embora este n\u00e3o seja o...                        <\/div>\n                    <\/a>\n                <\/div>\n            <\/div>\n                        <div class=\"col-md-6 7\">\n                <div class=\"kontainer-category 7\">                    <a href=\"https:\/\/www.kiwoko.pt\/blog\/como-escolher-o-melhor-arranhador-para-o-seu-gato\/\" class=\"post 7\">\n                        <div class=\"post-image lazyload 7\" style=\"background:inherit;background-size:cover;\" data-bg=\"#DDDDDD url(https:\/\/www.kiwoko.pt\/blog\/wp-content\/uploads\/2023\/10\/tipos-de-arranhadores-para-gatos.jpg) no-repeat\"><\/div>\n                        <div class=\"post-text 7\">\n                            <h2>Arranhadores para gatos: Tipos, caracter\u00edsticas e dicas<\/h2>\n                            Existe uma grande variedade de tipos de arranhadores para gatos dispon\u00edveis no mercado e, neste artigo, explicaremos quais pode escolher em fun\u00e7\u00e3o da sua casa e do tipo de...                        <\/div>\n                    <\/a>\n                <\/div>\n            <\/div>\n            <\/div>\n        <\/div>\n                    <div class=\"row\">\n                <div class=\"col-lg-12\">\n                    <button id=\"habitat-load-more-articles\" class=\"btn load-more\" data-cat=\"\" data-tag=\"habitat\" data-animal=\"Gatos\"\n                data-numpost=\"8\">Carregar mais posts<\/button>\n                <\/div>\n            <\/div> \n            <script>\n                document.addEventListener('DOMContentLoaded', function () {\n                const buttons = document.querySelectorAll('.btn.load-more');\n\n                buttons.forEach(function (button) {\n                    button.addEventListener('click', function () {\n                    const title = button.getAttribute('data-title') || '';\n                    const link = button.getAttribute('data-link') || window.location.href;\n                    const position = button.getAttribute('data-position') || '';\n                    const category = button.getAttribute('data-cat') || '';\n                    const linkText = button.innerText || button.textContent;\n\n                    window.dataLayer = window.dataLayer || [];\n                    window.dataLayer.push({\n                        'event': 'blog_mas_articulos',\n                        'event_name': 'blog_mas_articulos',\n                        'position': position,\n                        'link_text': linkText,\n                        'link_url': link,\n                        'category': category,\n                        'product_name': title\n                    });\n                    });\n                });\n                });\n            <\/script>\n                <div id=\"habitat-loading-elements\" class=\"text-center mt-1 loading-elements\"><div class=\"lds-ellipsis\"><div><\/div><div><\/div><div><\/div><div><\/div><\/div><\/div>\n                    <\/div>\n<!-- \/wp:shortcode -->\n\n<!-- wp:paragraph -->\n<p><\/p>\n<!-- \/wp:paragraph -->","protected":false},"excerpt":{"rendered":"<p>J\u00e1 alguma vez se perguntou se \u00e9 importante para um gato afiar as suas unhas? Para os nossos amigos felinos, trata-se de uma necessidade b\u00e1sica. Mas porque \u00e9 que \u00e9 t\u00e3o importantes para eles arranhar? Continue a ler para descobrir! Raz\u00f5es pelas quais um gato precisa de um arranhador Trata-se de uma necessidade f\u00edsica: as [&hellip;]<\/p>\n","protected":false},"author":23,"featured_media":12128,"parent":0,"menu_order":0,"comment_status":"closed","ping_status":"closed","template":"","meta":{"_acf_changed":false,"_uag_custom_page_level_css":"","footnotes":""},"class_list":["post-12127","page","type-page","status-publish","has-post-thumbnail","hentry"],"acf":[],"uagb_featured_image_src":{"full":["https:\/\/www.kiwoko.pt\/blog\/wp-content\/uploads\/2025\/06\/dicas-gatos-e-o-seu-habitat.jpg",1118,350,false],"thumbnail":["https:\/\/www.kiwoko.pt\/blog\/wp-content\/uploads\/2025\/06\/dicas-gatos-e-o-seu-habitat-150x150.jpg",150,150,true],"medium":["https:\/\/www.kiwoko.pt\/blog\/wp-content\/uploads\/2025\/06\/dicas-gatos-e-o-seu-habitat-300x94.jpg",300,94,true],"medium_large":["https:\/\/www.kiwoko.pt\/blog\/wp-content\/uploads\/2025\/06\/dicas-gatos-e-o-seu-habitat-768x240.jpg",768,240,true],"large":["https:\/\/www.kiwoko.pt\/blog\/wp-content\/uploads\/2025\/06\/dicas-gatos-e-o-seu-habitat-1024x321.jpg",1024,321,true],"1536x1536":["https:\/\/www.kiwoko.pt\/blog\/wp-content\/uploads\/2025\/06\/dicas-gatos-e-o-seu-habitat.jpg",1118,350,false],"2048x2048":["https:\/\/www.kiwoko.pt\/blog\/wp-content\/uploads\/2025\/06\/dicas-gatos-e-o-seu-habitat.jpg",1118,350,false]},"uagb_author_info":{"display_name":"Carla","author_link":"https:\/\/www.kiwoko.pt\/blog\/author\/carla\/"},"uagb_comment_info":0,"uagb_excerpt":"J\u00e1 alguma vez se perguntou se \u00e9 importante para um gato afiar as suas unhas? Para os nossos amigos felinos, trata-se de uma necessidade b\u00e1sica. Mas porque \u00e9 que \u00e9 t\u00e3o importantes para eles arranhar? Continue a ler para descobrir! Raz\u00f5es pelas quais um gato precisa de um arranhador Trata-se de uma necessidade f\u00edsica: as&hellip;","_links":{"self":[{"href":"https:\/\/www.kiwoko.pt\/blog\/wp-json\/wp\/v2\/pages\/12127","targetHints":{"allow":["GET"]}}],"collection":[{"href":"https:\/\/www.kiwoko.pt\/blog\/wp-json\/wp\/v2\/pages"}],"about":[{"href":"https:\/\/www.kiwoko.pt\/blog\/wp-json\/wp\/v2\/types\/page"}],"author":[{"embeddable":true,"href":"https:\/\/www.kiwoko.pt\/blog\/wp-json\/wp\/v2\/users\/23"}],"replies":[{"embeddable":true,"href":"https:\/\/www.kiwoko.pt\/blog\/wp-json\/wp\/v2\/comments?post=12127"}],"version-history":[{"count":1,"href":"https:\/\/www.kiwoko.pt\/blog\/wp-json\/wp\/v2\/pages\/12127\/revisions"}],"predecessor-version":[{"id":12129,"href":"https:\/\/www.kiwoko.pt\/blog\/wp-json\/wp\/v2\/pages\/12127\/revisions\/12129"}],"wp:featuredmedia":[{"embeddable":true,"href":"https:\/\/www.kiwoko.pt\/blog\/wp-json\/wp\/v2\/media\/12128"}],"wp:attachment":[{"href":"https:\/\/www.kiwoko.pt\/blog\/wp-json\/wp\/v2\/media?parent=12127"}],"curies":[{"name":"wp","href":"https:\/\/api.w.org\/{rel}","templated":true}]}}