{"id":12125,"date":"2025-06-26T11:07:02","date_gmt":"2025-06-26T10:07:02","guid":{"rendered":"https:\/\/www.kiwoko.pt\/blog\/?page_id=12125"},"modified":"2025-06-26T11:07:02","modified_gmt":"2025-06-26T10:07:02","slug":"disfrute-dos-seus-gatos","status":"publish","type":"page","link":"https:\/\/www.kiwoko.pt\/blog\/disfrute-dos-seus-gatos\/","title":{"rendered":"Disfrute dos seus gatos"},"content":{"rendered":"<!-- wp:shortcode -->\n    <div class=\"row\">        <div class=\"col-md-6\">\n                                    <div class=\"kontainer-category\">\n                                    <div class=\"kontainer-cat-name\">\n                        <h2>Habitat<\/h2>\n                    <\/div>\n                                <a href=\"https:\/\/www.kiwoko.pt\/blog\/como-ensinar-um-gato-a-usar-a-caixa-de-areia\/\" class=\"post\">\n                <div class=\"post-image lazyload\" style=\"background:inherit;background-size:cover;\" data-bg=\"#DDDDDD url(https:\/\/www.kiwoko.pt\/blog\/wp-content\/uploads\/2026\/03\/Como-ensinar-um-gato-a-usar-a-caixa-de-areia.jpg) no-repeat\"><\/div>\n                <div class=\"post-text\">\n                    <h3>Como ensinar um gato a usar a caixa de areia: tudo o que precisa de saber<\/h3>\n                    Trazer um gato para casa pela primeira vez \u00e9 emocionante, sim\u2026 mas tamb\u00e9m um bocadinho avassalador. Tem o comedouro...                    <!--?php the_excerpt();?-->\n                <\/div>\n                <\/a>\n                                <a href=\"https:\/\/www.kiwoko.pt\/blog\/os-primeiros-dias-de-um-gatinho-em-casa\/\" class=\"post\">\n                    <div class=\"row\">\n                        <div class=\"col-sm-4 no-padding\"><div class=\"post-image-min lazyload\" style=\"background:inherit;background-size:cover;\" data-bg=\"#DDDDDD url(https:\/\/www.kiwoko.pt\/blog\/wp-content\/uploads\/2026\/02\/um-gatinho-em-casa.jpg) no-repeat\"><\/div><\/div>\n                        <div class=\"col-sm-8 no-padding\">\n                            <div class=\"post-text-min\">\n                                <h3>Os primeiros dias de um gatinho em casa: um guia completo para uma adapta\u00e7\u00e3o com sucesso<\/h3>\n                            <\/div>\n                        <\/div>\n                    <\/div>\n                <\/a>\n                                <div class=\"row\">\n                    <div class=\"col-12\">\n                        <!--a href=\"https:\/\/www.kiwoko.pt\/blog\/?animal=Gatos\" class=\"post-link-all\">Ver todos los art\u00edculos de Habitat ><\/a-->\n                        <a href=\"https:\/\/www.kiwoko.pt\/blog\/dicas-sobre-habitat-dos-gatos\/\" class=\"post-link-all\">Veja todos os posts para Habitat ><\/a>\n                    <\/div>\n                <\/div>\n            <\/div>\n                    <\/div>\n                        <div class=\"col-md-6\">\n                                    <div class=\"kontainer-category\">\n                                    <div class=\"kontainer-cat-name\">\n                        <h2>Comportamento<\/h2>\n                    <\/div>\n                                <a href=\"https:\/\/www.kiwoko.pt\/blog\/descubra-por-que-motivo-os-caes-mordem-a-propria-cauda\/\" class=\"post\">\n                <div class=\"post-image lazyload\" style=\"background:inherit;background-size:cover;\" data-bg=\"#DDDDDD url(https:\/\/www.kiwoko.pt\/blog\/wp-content\/uploads\/2020\/05\/porque-o-meu-cao-morde-o-proprio-rabo.jpg) no-repeat\"><\/div>\n                <div class=\"post-text\">\n                    <h3>Porque \u00e9 que os c\u00e3es mordem a sua cauda? Causas, significado e como agir<\/h3>\n                    Se ultimamente tem vindo a reparar no estranho comportamento do seu c\u00e3o de dar voltas sobre si mesmo para...                    <!--?php the_excerpt();?-->\n                <\/div>\n                <\/a>\n                                <a href=\"https:\/\/www.kiwoko.pt\/blog\/os-gatos-dormem-mais-no-inverno-guia\/\" class=\"post\">\n                    <div class=\"row\">\n                        <div class=\"col-sm-4 no-padding\"><div class=\"post-image-min lazyload\" style=\"background:inherit;background-size:cover;\" data-bg=\"#DDDDDD url(https:\/\/www.kiwoko.pt\/blog\/wp-content\/uploads\/2026\/01\/Os-gatos-dormem-mais-no-inverno.jpg) no-repeat\"><\/div><\/div>\n                        <div class=\"col-sm-8 no-padding\">\n                            <div class=\"post-text-min\">\n                                <h3>Os gatos dormem mais no inverno? Tudo o que precisa de saber<\/h3>\n                            <\/div>\n                        <\/div>\n                    <\/div>\n                <\/a>\n                                <div class=\"row\">\n                    <div class=\"col-12\">\n                        <!--a href=\"https:\/\/www.kiwoko.pt\/blog\/\" class=\"post-link-all\">Ver todos los art\u00edculos de Comportamento ><\/a-->\n                        <a href=\"https:\/\/www.kiwoko.pt\/blog\/conselhos-sobre-o-comportamento-dos-gatos\/\" class=\"post-link-all\">Veja todos os posts para Comportamento ><\/a>\n                    <\/div>\n                <\/div>\n            <\/div>\n                    <\/div>\n                    <\/div>\n    \n<!-- \/wp:shortcode -->\n\n<!-- wp:shortcode -->\n                    <div id=\"jogo\">\n            <div class=\"posts-list\">\n            <div class=\"row\">\n                        <div class=\"col-md-6 0\">\n                <div class=\"kontainer-category 0\">                    <a href=\"https:\/\/www.kiwoko.pt\/blog\/peluches-para-caes-sim-ou-nao-todos-os-beneficios\/\" class=\"post 0\">\n                        <div class=\"post-image lazyload 0\" style=\"background:inherit;background-size:cover;\" data-bg=\"#DDDDDD url(https:\/\/www.kiwoko.pt\/blog\/wp-content\/uploads\/2026\/02\/peluches-para-caes-sim-ou-nao-beneficios.jpg) no-repeat\"><\/div>\n                        <div class=\"post-text 0\">\n                            <h2>Peluches para c\u00e3es, sim ou n\u00e3o? Todos os benef\u00edcios que talvez n\u00e3o conhe\u00e7a<\/h2>\n                            Se vive com um c\u00e3o travesso (ou calmo, mas curioso), provavelmente j\u00e1 considerou oferecer-lhe um peluche. V\u00ea-os como macios, fofos e pensa: \u00abEle vai adorar\u00bb. Mas ent\u00e3o surge uma...                        <\/div>\n                    <\/a>\n                <\/div>\n            <\/div>\n                        <div class=\"col-md-6 1\">\n                <div class=\"kontainer-category 1\">                    <a href=\"https:\/\/www.kiwoko.pt\/blog\/comparativa-melhores-brinquedos-para-gatos\/\" class=\"post 1\">\n                        <div class=\"post-image lazyload 1\" style=\"background:inherit;background-size:cover;\" data-bg=\"#DDDDDD url(https:\/\/www.kiwoko.pt\/blog\/wp-content\/uploads\/2025\/11\/melhores-brinquedos-para-gatos.jpg) no-repeat\"><\/div>\n                        <div class=\"post-text 1\">\n                            <h2>Os melhores brinquedos para gatos: Entretenimento, estimula\u00e7\u00e3o e conforto para gatos<\/h2>\n                            Alguma vez se questionou se o seu gato se sente aborrecido quando est\u00e1 ausente? Embora os gatos sejam conhecidos por serem criaturas independentes, eles ainda precisam de est\u00edmulos di\u00e1rios...                        <\/div>\n                    <\/a>\n                <\/div>\n            <\/div>\n            <\/div>\n        <\/div>\n                    <div class=\"row\">\n                <div class=\"col-lg-12\">\n                    <button id=\"jogo-load-more-articles\" class=\"btn load-more\" data-cat=\"\" data-tag=\"jogo\" data-animal=\"\"\n                data-numpost=\"2\">Carregar mais posts<\/button>\n                <\/div>\n            <\/div> \n            <script>\n                document.addEventListener('DOMContentLoaded', function () {\n                const buttons = document.querySelectorAll('.btn.load-more');\n\n                buttons.forEach(function (button) {\n                    button.addEventListener('click', function () {\n                    const title = button.getAttribute('data-title') || '';\n                    const link = button.getAttribute('data-link') || window.location.href;\n                    const position = button.getAttribute('data-position') || '';\n                    const category = button.getAttribute('data-cat') || '';\n                    const linkText = button.innerText || button.textContent;\n\n                    window.dataLayer = window.dataLayer || [];\n                    window.dataLayer.push({\n                        'event': 'blog_mas_articulos',\n                        'event_name': 'blog_mas_articulos',\n                        'position': position,\n                        'link_text': linkText,\n                        'link_url': link,\n                        'category': category,\n                        'product_name': title\n                    });\n                    });\n                });\n                });\n            <\/script>\n                <div id=\"jogo-loading-elements\" class=\"text-center mt-1 loading-elements\"><div class=\"lds-ellipsis\"><div><\/div><div><\/div><div><\/div><div><\/div><\/div><\/div>\n                    <\/div>\n<!-- \/wp:shortcode -->\n\n<!-- wp:spacer {\"height\":\"21px\"} -->\n<div style=\"height:21px\" aria-hidden=\"true\" class=\"wp-block-spacer\"><\/div>\n<!-- \/wp:spacer -->\n\n<!-- wp:shortcode -->\n                    <div id=\"viagens\">\n            <div class=\"posts-list\">\n            <div class=\"row\">\n                        <div class=\"col-md-6 0\">\n                <div class=\"kontainer-category 0\">                    <a href=\"https:\/\/www.kiwoko.pt\/blog\/como-viajar-com-cachorro-no-carro\/\" class=\"post 0\">\n                        <div class=\"post-image lazyload 0\" style=\"background:inherit;background-size:cover;\" data-bg=\"#DDDDDD url(https:\/\/www.kiwoko.pt\/blog\/wp-content\/uploads\/2025\/07\/como-viajar-com-um-caozinho-no-carro.jpg) no-repeat\"><\/div>\n                        <div class=\"post-text 0\">\n                            <h2>Parta \u00e0 aventura com o seu amigo peludo! Guia para viajar de carro com um cachorro<\/h2>\n                            Na Kiwoko, sabemos que o seu novo amigo de quatro patas est\u00e1 aqui para encher a sua vida de alegria e aventura. E se gosta de explorar o mundo...                        <\/div>\n                    <\/a>\n                <\/div>\n            <\/div>\n                        <div class=\"col-md-6 1\">\n                <div class=\"kontainer-category 1\">                    <a href=\"https:\/\/www.kiwoko.pt\/blog\/primeira-vez-cao-praia-piscina\/\" class=\"post 1\">\n                        <div class=\"post-image lazyload 1\" style=\"background:inherit;background-size:cover;\" data-bg=\"#DDDDDD url(https:\/\/www.kiwoko.pt\/blog\/wp-content\/uploads\/2025\/06\/a-primeira-vez-do-meu-cao-na-praia.jpg) no-repeat\"><\/div>\n                        <div class=\"post-text 1\">\n                            <h2>A primeira vez do meu c\u00e3o na praia ou na piscina: dicas para uma introdu\u00e7\u00e3o segura \u00e0 \u00e1gua<\/h2>\n                            \u00c9 a primeira vez que o seu c\u00e3o vai \u00e0 praia ou \u00e0 piscina?&nbsp; \u00c9 verdade que a nata\u00e7\u00e3o tem muitos benef\u00edcios para os c\u00e3es e que a maioria...                        <\/div>\n                    <\/a>\n                <\/div>\n            <\/div>\n            <\/div>\n        <\/div>\n                    <div class=\"row\">\n                <div class=\"col-lg-12\">\n                    <button id=\"viagens-load-more-articles\" class=\"btn load-more\" data-cat=\"\" data-tag=\"viagens\" data-animal=\"\"\n                data-numpost=\"2\">Carregar mais posts<\/button>\n                <\/div>\n            <\/div> \n            <script>\n                document.addEventListener('DOMContentLoaded', function () {\n                const buttons = document.querySelectorAll('.btn.load-more');\n\n                buttons.forEach(function (button) {\n                    button.addEventListener('click', function () {\n                    const title = button.getAttribute('data-title') || '';\n                    const link = button.getAttribute('data-link') || window.location.href;\n                    const position = button.getAttribute('data-position') || '';\n                    const category = button.getAttribute('data-cat') || '';\n                    const linkText = button.innerText || button.textContent;\n\n                    window.dataLayer = window.dataLayer || [];\n                    window.dataLayer.push({\n                        'event': 'blog_mas_articulos',\n                        'event_name': 'blog_mas_articulos',\n                        'position': position,\n                        'link_text': linkText,\n                        'link_url': link,\n                        'category': category,\n                        'product_name': title\n                    });\n                    });\n                });\n                });\n            <\/script>\n                <div id=\"viagens-loading-elements\" class=\"text-center mt-1 loading-elements\"><div class=\"lds-ellipsis\"><div><\/div><div><\/div><div><\/div><div><\/div><\/div><\/div>\n                    <\/div>\n<!-- \/wp:shortcode -->","protected":false},"excerpt":{"rendered":"<p>\u00c9 a primeira vez que o seu c\u00e3o vai \u00e0 praia ou \u00e0 piscina?&nbsp; \u00c9 verdade que a nata\u00e7\u00e3o tem muitos benef\u00edcios para os c\u00e3es e que a maioria dos c\u00e3es tem a capacidade de nadar, mas isso n\u00e3o significa que o seu melhor amigo tenha vontade de se molhar! Muitos c\u00e3es adoram a \u00e1gua [&hellip;]<\/p>\n","protected":false},"author":23,"featured_media":12126,"parent":0,"menu_order":0,"comment_status":"closed","ping_status":"closed","template":"","meta":{"_acf_changed":false,"_uag_custom_page_level_css":"","footnotes":""},"class_list":["post-12125","page","type-page","status-publish","has-post-thumbnail","hentry"],"acf":[],"uagb_featured_image_src":{"full":["https:\/\/www.kiwoko.pt\/blog\/wp-content\/uploads\/2025\/06\/Disfrute-dos-seus-gatos.jpg",1118,350,false],"thumbnail":["https:\/\/www.kiwoko.pt\/blog\/wp-content\/uploads\/2025\/06\/Disfrute-dos-seus-gatos-150x150.jpg",150,150,true],"medium":["https:\/\/www.kiwoko.pt\/blog\/wp-content\/uploads\/2025\/06\/Disfrute-dos-seus-gatos-300x94.jpg",300,94,true],"medium_large":["https:\/\/www.kiwoko.pt\/blog\/wp-content\/uploads\/2025\/06\/Disfrute-dos-seus-gatos-768x240.jpg",768,240,true],"large":["https:\/\/www.kiwoko.pt\/blog\/wp-content\/uploads\/2025\/06\/Disfrute-dos-seus-gatos-1024x321.jpg",1024,321,true],"1536x1536":["https:\/\/www.kiwoko.pt\/blog\/wp-content\/uploads\/2025\/06\/Disfrute-dos-seus-gatos.jpg",1118,350,false],"2048x2048":["https:\/\/www.kiwoko.pt\/blog\/wp-content\/uploads\/2025\/06\/Disfrute-dos-seus-gatos.jpg",1118,350,false]},"uagb_author_info":{"display_name":"Carla","author_link":"https:\/\/www.kiwoko.pt\/blog\/author\/carla\/"},"uagb_comment_info":0,"uagb_excerpt":"\u00c9 a primeira vez que o seu c\u00e3o vai \u00e0 praia ou \u00e0 piscina?&nbsp; \u00c9 verdade que a nata\u00e7\u00e3o tem muitos benef\u00edcios para os c\u00e3es e que a maioria dos c\u00e3es tem a capacidade de nadar, mas isso n\u00e3o significa que o seu melhor amigo tenha vontade de se molhar! Muitos c\u00e3es adoram a \u00e1gua&hellip;","_links":{"self":[{"href":"https:\/\/www.kiwoko.pt\/blog\/wp-json\/wp\/v2\/pages\/12125","targetHints":{"allow":["GET"]}}],"collection":[{"href":"https:\/\/www.kiwoko.pt\/blog\/wp-json\/wp\/v2\/pages"}],"about":[{"href":"https:\/\/www.kiwoko.pt\/blog\/wp-json\/wp\/v2\/types\/page"}],"author":[{"embeddable":true,"href":"https:\/\/www.kiwoko.pt\/blog\/wp-json\/wp\/v2\/users\/23"}],"replies":[{"embeddable":true,"href":"https:\/\/www.kiwoko.pt\/blog\/wp-json\/wp\/v2\/comments?post=12125"}],"version-history":[{"count":2,"href":"https:\/\/www.kiwoko.pt\/blog\/wp-json\/wp\/v2\/pages\/12125\/revisions"}],"predecessor-version":[{"id":12133,"href":"https:\/\/www.kiwoko.pt\/blog\/wp-json\/wp\/v2\/pages\/12125\/revisions\/12133"}],"wp:featuredmedia":[{"embeddable":true,"href":"https:\/\/www.kiwoko.pt\/blog\/wp-json\/wp\/v2\/media\/12126"}],"wp:attachment":[{"href":"https:\/\/www.kiwoko.pt\/blog\/wp-json\/wp\/v2\/media?parent=12125"}],"curies":[{"name":"wp","href":"https:\/\/api.w.org\/{rel}","templated":true}]}}